 3, 7, 31, 397
List the prime factors of 170608.
2, 10663
List the prime factors of 506841.
3, 43, 3929
List the prime factors of 1446273.
3, 160697
List the prime factors of 22201894.
2, 11, 13, 149, 521
What are the prime factors of 1074703?
7, 153529
List the prime factors of 325673.
325673
What are the prime factors of 1289045?
5, 103, 2503
List the prime factors of 1125672.
2, 3, 17, 31, 89
List the prime factors of 3598892.
2, 11, 263, 311
What are the prime factors of 44433?
3, 4937
What are the prime factors of 17261218?
2, 13, 663893
List the prime factors of 3457594.
2, 7, 246971
List the prime factors of 513321.
3, 397, 431
What are the prime factors of 887279?
347, 2557
List the prime factors of 2832303.
3, 97, 9733
List the prime factors of 561174.
2, 3, 93529
List the prime factors of 1901018.
2, 7, 135787
What are the prime factors of 5825631?
3, 7, 277411
What are the prime factors of 385030?
2, 5, 139, 277
List the prime factors of 16918559.
7, 127, 19031
What are the prime factors of 1260191?
1260191
List the prime factors of 1728154.
2, 864077
List the prime factors of 907125.
3, 5, 41, 59
List the prime factors of 16034922.
2, 3, 98981
List the prime factors of 178389.
3, 6607
List the prime factors of 27545487.
3, 2251, 4079
What are the prime factors of 1246636?
2, 311659
What are the prime factors of 12386029?
23, 538523
What are the prime factors of 286816?
2, 8963
List the prime factors of 1047511.
1047511
What are the prime factors of 18399850?
2, 5, 7, 52571
What are the prime factors of 1159355?
5, 231871
What are the prime factors of 424087?
277, 1531
What are the prime factors of 273761?
31, 8831
List the prime factors of 3323391.
3, 1107797
List the prime factors of 4314365.
5, 11, 47, 1669
What are the prime factors of 964816?
2, 47, 1283
List the prime factors of 4839553.
89, 54377
List the prime factors of 1403764.
2, 350941
List the prime factors of 320121.
3, 35569
What are the prime factors of 2179379?
29, 223, 337
List the prime factors of 3663582.
2, 3, 13, 3613
List the prime factors of 4644562.
2, 13, 41, 4357
List the prime factors of 36577.
79, 463
What are the prime factors of 624149?
624149
What are the prime factors of 16383233?
16383233
List the prime factors of 17116903.
37, 59, 7841
List the prime factors of 327419.
327419
What are the prime factors of 444718?
2, 229, 971
What are the prime factors of 251780?
2, 5, 12589
What are the prime factors of 4119009?
3, 89, 15427
List the prime factors of 22680475.
5, 827, 1097
What are the prime factors of 203786?
2, 11, 59, 157
What are the prime factors of 330805?
5, 66161
List the prime factors of 1611547.
7, 230221
List the prime factors of 661171.
7, 29, 3257
List the prime factors of 6167712.
2, 3, 41, 1567
What are the prime factors of 4823899?
59, 81761
What are the prime factors of 1851452?
2, 462863
List the prime factors of 1895975.
5, 181, 419
What are the prime factors of 1432204?
2, 358051
What are the prime factors of 576858?
2, 3, 79, 1217
What are the prime factors of 1499413?
1499413
What are the prime factors of 4176498?
2, 3, 696083
List the prime factors of 1036850.
2, 5, 89, 233
List the prime factors of 37125438.
2, 3, 7, 197, 641
List the prime factors of 925815.
3, 5, 11, 31, 181
What are the prime factors of 1896229?
1896229
List the prime factors of 1755888.
2, 3, 157, 233
What are the prime factors of 23868938?
2, 1021, 11689
List the prime factors of 13394100.
2, 3, 5, 44647
What are the prime factors of 41893?
41893
What are the prime factors of 1124939?
29, 38791
List the prime factors of 50872.
2, 6359
List the prime factors of 4214510.
2, 5, 401, 1051
List the prime factors of 11601969.
3, 3867323
What are the prime factors of 971775?
3, 5, 7, 617
What are the prime factors of 119854?
2, 7, 1223
What are the prime factors of 461578?
2, 13, 41, 433
List the prime factors of 94389.
3, 73, 431
List the prime factors of 13534306.
2, 6767153
What are the prime factors of 174605?
5, 47, 743
List the prime factors of 11461666.
2, 5730833
What are the prime factors of 263305?
5, 7, 7523
What are the prime factors of 4367330?
2, 5, 11, 39703
List the prime factors of 214039.
7, 30577
List the prime factors of 2495599.
2495599
List the prime factors of 1655439.
3, 551813
List the prime factors of 534033.
3, 19, 347
List the prime factors of 10963291.
10963291
What are the prime factors of 1351793?
19, 71147
What are the prime factors of 4324822?
2, 1181, 1831
What are the prime factors of 187507?
187507
List the prime factors of 449804.
2, 139, 809
List the prime factors of 1874681.
503, 3727
What are the prime factors of 191866?
2, 23, 43, 97
List the prime factors of 3749533.
3749533
List the prime factors of 4208182.
2, 11, 191281
List the prime factors of 828467.
37, 22391
List the prime factors of 5213046.
2, 3, 868841
List the prime factors of 25627457.
127, 201791
List the prime factors of 8407503.
3, 13, 17, 1409
What are the prime factors of 10789057?
1433, 7529
List the prime factors of 26263441.
83, 109, 2903
What are the prime factors of 16758375?
3, 5, 23, 29, 67
List the prime factors of 400707.
3, 17, 97
List the prime factors of 14313.
3, 13, 367
What are the prime factors of 1222690?
2, 5, 7, 17467
What are the prime factors of 18818677?
17, 151, 7331
What are the prime factors of 2485875?
3, 5, 7, 947
List the prime factors of 993725.
5, 39749
List the prime factors of 38084542.
2, 67, 71, 4003
List the prime factors of 1371450.
2, 3, 5, 41, 223
List the prime factors of 3832901.
29, 132169
List the prime factors of 60753.
3, 7, 11, 263
What are the prime factors of 764891?
764891
What are the prime factors of 310347?
3, 34483
What are the prime factors of 4557711?
3, 1519237
List the prime factors of 3009215.
5, 11, 54713
List the prime factors of 489536.
2, 7649
List the prime factors of 684937.
11, 71, 877
What are the prime factors of 1020362?
2, 7, 72883
List the prime factors of 753375.
3, 5, 7, 41
What are the prime factors of 3188651?
23, 138637
List the prime factors of 41728.
2, 163
What are the prime factors of 31807?
17, 1871
List the prime factors of 435135.
3, 5, 29009
What are the prime factors of 203874?
2, 3, 11, 3089
What are the prime factors of 4366967?
11, 396997
List the prime factors of 112428.
2, 3, 347
List the prime factors of 5831769.
3, 1943923
List the prime factors of 1122662.
2, 41, 13691
What are the prime factors of 900889?
11, 81899
What are the prime factors of 85332?
2, 3, 13, 547
What are the prime factors of 222350?
2, 5, 4447
List the prime factors of 2068378.
2, 13, 19, 53, 79
What are the prime factors of 8425673?
8425673
What are the prime factors of 147109?
157, 937
List the prime factors of 8849578.
2, 4424789
What are the prime factors of 3020111?
773, 3907
List the prime factors of 697621.
47, 14843
List the prime factors of 2462395.
5, 13, 43, 881
What are the prime factors of 2960043?
3, 251, 3931
List the prime factors of 905215.
5, 197, 919
What are the prime factors of 311588?
2, 61, 1277
List the prime factors of 256009.
13, 47, 419
What are the prime factors of 1154468?
2, 7, 41231
List the prime factors of 460771.
460771
What are the prime factors of 30346?
2, 15173
List the prime factors of 6049243.
6049243
List the prime factors of 1367965.
5, 41, 6673
List the prime factors of 172422.
2, 3, 31, 103
List the prime factors of 3939521.
3939521
List the prime factors of 43849596.
2, 3, 7, 17, 30707
List the prime factors of 58948.
2, 14737
List the prime factors of 866585.
5, 263, 659
List the prime factors of 129496.
2, 16187
What are the prime factors of 4543743?
3, 17, 41, 53
List the prime factors of 5447161.
5447161
What are the prime factors of 257938?
2, 128969
What are the prime factors of 1467810?
2, 3, 5, 47, 347
List the prime factors of 1813290.
2, 3, 5, 60443
List the prime factors of 1208262.
2, 3, 11, 18307
List the prime factors of 3176673.
3, 1058891
What are the prime factors of 1768734?
2, 3, 11, 8933
List the prime factors of 11251799.
13, 107, 8089
What are the prime factors of 16729591?
16729591
What are the prime factors of 1824944?
2, 11, 10369
List the prime factors of 512295.
3, 5, 7, 17, 41
List the prime factors of 3425908.
2, 